 - 1) + (4 - (9 - 11))
3
What is (-15 + 0 + -1 - -2) + 4?
-10
Evaluate (0 - -3) + (1 - -5) + -9.
0
What is -5 + 7 + (3 - (4 - -4))?
-3
-476 + 483 + -8 + (1 - 1)
-1
Calculate -1 + 4 + -1 + 7 + -1.
8
What is the value of (4 - 1) + (2 - (2 + -1))?
4
Calculate 7 - (-13 + 3 - -16).
1
What is -1 - (0 - (-1 - (-5 + 5)))?
-2
What is the value of (1 - 7) + -81 + 80?
-7
What is -2 + (-3 - (0 - 12)) - 14?
-7
Evaluate 2 + 3 - (10 - 0).
-5
Evaluate 0 - -5 - 5 - -1.
1
Evaluate (-3 - (2 + -7)) + 4.
6
What is the value of -1 - (-1 - 6) - 7?
-1
What is the value of (-1 - -1) + 0 - (-25 + 22)?
3
Calculate 2 + (-1 - ((1 - 2) + -3)).
5
Calculate (3 - -1) + 1 + -6 + -5.
-6
-1 + 4 - (4 + 3)
-4
What is the value of (-2 - 5) + (9 - 12) + 17?
7
What is 12 + (0 - -7 - 15)?
4
What is (3 - (-2 - -3)) + -2?
0
-2 + 2 - (-4 + -1)
5
What is (0 - 4) + 1 - -8?
5
(-1 + -6 - (-17 - -5)) + -5
0
What is (25 - 32) + (2 - (2 - 2))?
-5
Calculate 1 + 2 - (1 + -2 + 3).
1
What is the value of -2 + 3 + (-2 - (0 + 9))?
-10
-2 + (-1 - (5 + -3 + -4))
-1
(11 - 9) + -1 + 0 + -7
-6
Calculate -3 + (-2 - 1 - -12) - 1.
5
Calculate (-4 - (-3 - 2 - -3)) + 2.
0
Calculate 1 + -3 + (-4 - -6 - -3).
3
What is 2 + -4 + 4 + -3 + 2?
1
10 + 1 + (-3 - 23 - -19)
4
What is 10 - (15 - (3 + 6))?
4
5 + -7 + 1 + 0
-1
(0 - 0) + 14 + (7 - 17)
4
-4 - 2 - (-9 + 21 + -15)
-3
Evaluate (1 - 0) + (5 - (1 + 1)).
4
Evaluate 1 + 0 + (20 - 7 - 12).
2
Calculate 1 + -8 - 2 - (-143 + 138).
-4
What is the value of 5 + (-3 - 0) + -10 + 11?
3
Evaluate -3 - (-7 - (4 - 8)).
0
What is 7 - 1 - (-14 + 13)?
7
-61 - -82 - (12 - 1)
10
What is the value of 14 - 7 - 6 - 3?
-2
Evaluate -11 - ((-10 - 4) + 6).
-3
(0 - 1) + -17 + 11 + 7
0
Calculate 26 + -2 - 22 - (0 - -5).
-3
Evaluate -2 + (1 - 2) + (-41 - -48).
4
What is -5 - ((3 - 6) + 3)?
-5
What is the value of 6 + -1 + (1 + 2 - 5)?
3
9 + (-5 - -10 - 9)
5
-2 + 7 + 2 - 7
0
(-2 - -2) + (1 - (4 - 4))
1
-2 + 2 + (-68 - -66)
-2
Calculate 22 - (-1 + 10) - 19.
-6
What is the value of 13 + (0 - 7) - 3?
3
Calculate -13 - (0 - 8) - -6.
1
Evaluate 0 + -2 + 3 + -5 + 7.
3
Evaluate (-2 - -1) + (1 - -4).
4
What is (-1 - 0) + 2 + (-35 - -32)?
-2
What is 6 + 4 + (-1 - 6)?
3
What is the value of 1 + 3 + -2 + -2?
0
What is (-1 - (-6 + 3 - 2)) + -6?
-2
What is (-2 - (3 + (-3 - 4))) + 1?
3
What is 3 - (-3 - -8 - 4) - 2?
0
What is the value of (2 - (3 - -2) - -4) + 2?
3
Evaluate 0 + (-4 - (1 + -1)) + 2.
-2
0 + -1 + 1 + 1
1
Calculate (5 + 1 - 7) + 5.
4
What is the value of -3 + (5 - 9 - -6) + -5?
-6
Evaluate (-4 - -6) + (0 - 7).
-5
What is 2 + (-2 - -4) + -1?
3
What is the value of 0 + 4 + (2 - 1) + 0?
5
Evaluate 1 - (-9 + -9 + 10).
9
What is the value of -7 + -4 + 2 + 1 - -3?
-5
-20 + (-2 + 3 - -12)
-7
Calculate -3 - (-3 - 3) - (-2 - -1).
4
Calculate 3 - -2 - (1 + 1).
3
-1 + 4 - (-7 - -13)
-3
What is 1 - (1 + (-3 - -5) + -1)?
-1
What is the value of -7 + 5 + 4 + -1?
1
Calculate (-10 + 0 - (-6 + 0)) + 1.
-3
What is 11 - (-6 - (-17 - -8))?
8
Calculate 3 - (-6 + (3 - 6 - -9)).
3
87 - 74 - (1 + 7)
5
Evaluate (4 - (-6 + 4)) + -2.
4
Calculate -2 + -1 - (48 - 50).
-1
What is the value of -8 + 1 + 1 - -3?
-3
What is the value of -5 - (3 - 0) - -15?
7
What is (-13 - -12) + 2 + -2?
-1
2 + (-3 - (-5 - -4))
0
What is 13 + -6 - -2 - 4?
5
2 + 1 - (-19 + 5 + 20)
-3
Calculate 48 + -47 - (-1 - -6).
-4
Calculate -3 + (-1 - 3) + 2 + 1.
-4
41 + -39 - (0 + 3)
-1
Evaluate -4 + (-9 - (-4 - 0)).
-9
Evaluate 12 + 0 - (-14 + (4 - -17)).
5
(4 - (-4 - (-9 - 3))) + 5
1
What is -6 + -4 + (7 + -2 - 0)?
-5
Evaluate 2 + (1 - 2 - -2).
3
What is the value of 1 + (2 + 1 - 1)?
3
Calculate 3 + 0 + 1 + -3 + 1.
2
What is the value of -3 + (-1 - -6) - 7?
-5
Evaluate (2 - (2 + -3)) + 1 - 0.
4
Evaluate -2 - (-8 - (-7 + 2)).
1
-5 - (9 - (10 - 5))
-9
What is (-2 - 2 - -5) + -7 - -5?
-1
-3 - 0 - (1 - (7 + -4))
-1
What is the value of 1 + (2 - 4 - (-3 + 6))?
-4
What is the value of (-3 - (2 + -5)) + -4?
-4
What is the value of -54 - -69 - (-2 + 7)?
10
Evaluate -1 + -2 + 1 + 5 + -1.
2
What is the value of -1 + -4 + 0 + 5?
0
-9 - (-5 - (1 - 2))
-5
What is -1 - 5 - 0 - -4?
-2
What is 6 + (22 - 17 - (2 + 0))?
9
What is (-3 - -9) + -1 + 0 + -1?
4
What is the value of -3 + -4 + 8 - 0?
1
Evaluate 6 - (6 + (5 - 7)).
2
Evaluate (2 + (-1 - -2) - -3) + -13.
-7
What is 37 - 42 - (1 + (0 - -1))?
-7
What is (-4 - (-5 + 3 - 1)) + 1?
0
What is the value of 4 - (1 + 2 + 2 + 2)?
-3
Calculate -3 + (2 - -1) + 2.
2
What is the value of 12 + (2 - 1) - 23?
-10
What is the value of 0 + 8 + -19 + 16?
5
What is (2 - 7) + (1 - (2 + -7))?
1
-1 + 0 + (-2 - 1) + 6
2
-7 - (-4 + 3 + 0 - 4)
-2
What is the value of -6 + 0 + (-3 - -8)?
-1
-2 - (0 - (0 - -9))
7
What is 4 - ((23 - 11) + -3)?
-5
Calculate 2 - (-7 + -7 + 13).
3
6 + 1 - (7 - 5)
5
What is the value of -6 + -9 + (7 - 0)?
-8
What is -5 + -5 + (5 + 4 - 5)?
-6
What is the value of -8 + 1 - (7 - 14 - -10)?
-10
What is 0 + (7 - 2 - (0 + 2))?
3
-8 + (6 - (5 - -1))
-8
Evaluate -2 - (3 + -3 + 2).
-4
What is 7 + (4 - (7 - (3 - 2)))?
5
What is the value of (-10 - -7) + 4 - 5 - 4?
-8
Evaluate 6 - 2 - ((-3 - -11) + -10).
6
What is the value of -2 + (0 - (0 - -4))?
-6
Calculate -2 - (4 - (-2 + 4 + 0)).
-4
Evaluate -1 - 3 - (2 + -4).
-2
Evaluate (13 - (6 - 0)) + -8.
-1
What is the value of -1 + (9 - (0 - 0) - 3)?
5
Calculate 1 + (-2 + 4 - 4) - 3.
-4
Evaluate (0 - 0) + 6 + -7 - 5.
-6
7 - 17 - -17 - (0 + 1)
6
What is -2 + (-2 - -3) - (-7 + 1)?
5
-6 + 0 - -2 - 4 - -3
-5
Calculate (-8 - 1) + (-6 - -10) + 1.
-4
Calculate (1 - 3) + 5 + 2.
5
Calculate ((-2 - -4) + -5 - 4) + 16.
9
Evaluate 3 + 2 - (-3 - -8 - 7).
7
What is the value of 10 + -8 + 5 + -4?
3
Calculate -2 - -2 - (2 + -2).
0
Evaluate 4 + 0 + -1 + -4 + -2.
-3
Calculate 4 - 10 - (9 - 5 - 5).
-5
What is the value of -16 + 22 + (-2 - 7)?
-3
Calculate -3 + 3 - (-3 + 3).
0
Evaluate -6 + 2 + (-3 - 1 - -5).
-3
-1 - (1 - (4 - 3)) - -1
0
What is -8 + (-9 - -11) - 2?
-8
(0 - -4) + (-5 - 2 - -9)
6
What is the value of 1 + 1 + (12 - (-1 - -9))?
6
(-2 + 1 - -1) + (-12 - -14)
2
Evaluate 11 - (3 + 1) - (3 - -4).
0
What is the value of (-5 - 0) + (2 - -6) + -2?
1
Evaluate 4 + 5 - (1 + 14).
-6
What is the value of -1 + 7 + -14 - (-9 - -4)?
-3
What is 10 - 9 - (-16 + 7)?
10
What is the value of -2 - -3 - 0 - (-22 + 17)?
6
What is the value of -1 - (0 + 3 + -1 - 8)?
5
What is 5 - (-4 + 5 - -6)?
-2
Calculate (-193 - -207) + (1 - 5).
10
What is -4 + -1 - (12 + -17) - 2?
-2
Evaluate -3 + (6 - (-1 - -2)).
2
What is 19 + -16 + (-1 - 3)?
-1
What is the value of 1 - 2 - ((4 - 9) + -1)?
5
What is the value of 3 - (-4 + 2 - (-3 + 2))?
4
Evaluate -8 + 1 - (14 - (8 - -7)).
-6
What is the value of 4 - (-3 - (-1 + 4 - 4))?
6
What is 9 + -2 - (0 - -4)?
3
Calculate 11 - (-4 - -10) - 6.
-1
Evaluate 1 + 1 + 1 - (1 - 3).
5
What is the value of -1 - -1 - 1 - (4 - 11)?
6
Evaluate (-2 - 0) + 6 + (3 - 4).
3
Evaluate 3 - (8 - 6) - 2.
-1
What is the value of (5 - (8 + -2)) + 3?
2
What is -9 + 3 + 17 - 8?
3
What is the value of -3 - (-4 + 1 + 1)?
-1
-1 + (-4 - -1) + 7
3
Evaluate 7 - (14 - (-9 - -11)).
-5
Calculate 4 + -1 + (-3 - 0) + 3.
3
Calculate 1 + -3 - ((2 - 8) + 2).
2
(-4 - (0 + -2)) + -3
-5
2 + -2 - -3 - -1
4
6 + 1 + -13 + 10
4
What is 0 - ((0 - 3) + 1 - 2)?
4
What is the value of 4 + -2 + 5 + (-2 - 10)?
-5
Calculate 5 - (-9 + 7 + 1).
6
Evaluate -4 - (4 - 4) - -3.
-1
Evaluate (-4 - -1 - 0) + 6.
3
Calculate -3 - (-8 - (2 + -11)).
-4
What is (-1 - -1) + (-27 - -15 - -5)?
-7
Calculate 11 + (-23 - -5 - -1).
-6
-5 - ((-2 - (2 + -4)) + -3)
-2
What is 7 + 8 + -7 + (-3 - 5)?
0
What is the value of -9 + 2 + 12 - (12 + -1)?
-6
What is (4 - 2) + (-3 - -2) - -1?
2
Evaluate 7 - ((-5 - -12) + -4 - -5).
-1
Evaluate -7 - (14 - 7 - (12 + -4)).
-6
Calculate 9 - (5 - -10 - 6).
0
1 + 1 - (31 + -33)
4
Calculate 5 - (5 + -4 + 1).
3
What is 3 + -4 + -1 + 0 - 4?
-6
Calculate 7 + -10 + (6 - -4).
7
What is the value of -5 - (-4 - (-1 - 1))?
-3
-7 + 1 + (-1 - 0)
-7
(-6 - 2 - -9) + -2
-1
1 - 9 - (-6 - (-6 - -3))
-5
Evaluate (1 - -3) + -1 + -2.
1
3 - 3 - (2 + -5)
3
-5 + 3 + -55 + 62
5
Evaluate (1 - (-3 + -2)) + -3.
3
2 + 0 + 2 - (6 + -6)
4
Evaluate (-12 - -6) + 6 + -4.
-4
What is the value of 1 - 2 - (11 - 8)?
-4
5 - (-2 - 12 - -9)
10
What is -1 - -9 - (2 + 9 + -2)?
-1
What is -2 + 2 - 2 - (-4 - -3)?
-1
Evaluate 6 + -3 - (5 - -3).
-5
What is the value of 